{"id":126,"date":"2011-08-14T16:01:46","date_gmt":"2011-08-14T14:01:46","guid":{"rendered":"http:\/\/www.cibz.de\/?page_id=126"},"modified":"2011-08-14T16:01:46","modified_gmt":"2011-08-14T14:01:46","slug":"was-sie-tun-konnen","status":"publish","type":"page","link":"https:\/\/cibz.de\/index.php\/was-sie-tun-konnen\/","title":{"rendered":"Was Sie tun k\u00f6nnen"},"content":{"rendered":"<p><strong>&#8230;sich informieren \u2013<\/strong><br \/>\nBei Interesse schicken wir Ihnen gern<br \/>\nunser Jahresprogramm, Einladungen zu<br \/>\nVeranstaltungen und unsere Satzung zu.<\/p>\n<p><strong>&#8230;ins Gespr\u00e4ch kommen \u2013<\/strong><br \/>\nDas Christlich-Islamische Caf\u00e9 ist eine<br \/>\ngute M\u00f6glichkeit, Menschen anderer<br \/>\nReligionszugeh\u00f6rigkeit zu begegnen und<br \/>\n\u00fcber spezifische Themen oder einfach<br \/>\npers\u00f6nlich ins Gespr\u00e4ch zu kommen.<\/p>\n<p><strong>&#8230;mitarbeiten \u2013<\/strong><br \/>\n\u00dcber die aktive Mitarbeit bei der<br \/>\nProgrammgestaltung und bei<br \/>\nVeranstaltungen freuen wir uns sehr.<br \/>\nDazu sind die Mitglieder und alle<br \/>\nInteressierten herzlich eingeladen<\/p>\n<p><strong>&#8230;und Mitglied werden \u2013<\/strong><br \/>\nDie CIBZ, deren Mitglieder ehrenamtlich<br \/>\narbeiten, ist gemeinn\u00fctzig und ben\u00f6tigt<br \/>\nIhre finanzielle Unterst\u00fctzung, um die<br \/>\nArbeit fortf\u00fchren zu k\u00f6nnen.<\/p>\n<p><strong>Deswegen: Werden Sie Mitglied!<\/strong><\/p>\n<p>Der j\u00e4hrliche Mitgliedsbeitrag betr\u00e4gt<br \/>\nEuro 25,- \/ Ehepaare Euro 30,- \/<br \/>\nSch\u00fcler, Auszubildende, Studierende<br \/>\nEuro 10,- .<\/p>\n<p><b>CIBZ-Stuttgart, BW-Bank Kto. 8240563 BLZ 60050101<br \/>\n<b>IBAN: DE61600501010008240563\u00a0\u00a0\u00a0\u00a0\u00a0\u00a0 BIC: SOLADEST600<\/b><\/b><\/p>\n<p>Am Jahresende erhalten Sie eine<br \/>\nSpendenbescheinigung.<\/p>\n","protected":false},"excerpt":{"rendered":"<p>&#8230;sich informieren \u2013 Bei Interesse schicken wir Ihnen gern unser Jahresprogramm, Einladungen zu Veranstaltungen und unsere Satzung zu. &#8230;ins Gespr\u00e4ch kommen \u2013 Das Christlich-Islamische Caf\u00e9 ist eine gute M\u00f6glichkeit, Menschen anderer Religionszugeh\u00f6rigkeit zu begegnen und \u00fcber spezifische Themen oder einfach &hellip; <a href=\"https:\/\/cibz.de\/index.php\/was-sie-tun-konnen\/\">Continue reading <span class=\"meta-nav\">&rarr;<\/span><\/a><\/p>\n","protected":false},"author":1,"featured_media":0,"parent":0,"menu_order":3,"comment_status":"closed","ping_status":"closed","template":"","meta":{"footnotes":""},"class_list":["post-126","page","type-page","status-publish","hentry"],"_links":{"self":[{"href":"https:\/\/cibz.de\/index.php\/wp-json\/wp\/v2\/pages\/126","targetHints":{"allow":["GET"]}}],"collection":[{"href":"https:\/\/cibz.de\/index.php\/wp-json\/wp\/v2\/pages"}],"about":[{"href":"https:\/\/cibz.de\/index.php\/wp-json\/wp\/v2\/types\/page"}],"author":[{"embeddable":true,"href":"https:\/\/cibz.de\/index.php\/wp-json\/wp\/v2\/users\/1"}],"replies":[{"embeddable":true,"href":"https:\/\/cibz.de\/index.php\/wp-json\/wp\/v2\/comments?post=126"}],"version-history":[{"count":0,"href":"https:\/\/cibz.de\/index.php\/wp-json\/wp\/v2\/pages\/126\/revisions"}],"wp:attachment":[{"href":"https:\/\/cibz.de\/index.php\/wp-json\/wp\/v2\/media?parent=126"}],"curies":[{"name":"wp","href":"https:\/\/api.w.org\/{rel}","templated":true}]}}